{"id":102,"date":"2015-07-21T09:41:42","date_gmt":"2015-07-21T09:41:42","guid":{"rendered":"http:\/\/demo.themegrill.com\/himalayas\/?page_id=102"},"modified":"2020-07-15T15:38:05","modified_gmt":"2020-07-15T13:38:05","slug":"pellentesque","status":"publish","type":"page","link":"https:\/\/jedrzejmajka.pl\/index.php\/pellentesque\/","title":{"rendered":"WILNO I OKOLICE. PRZEWODNIK"},"content":{"rendered":"<p><img loading=\"lazy\" decoding=\"async\" class=\"alignnone size-full wp-image-493\" src=\"http:\/\/jedrzejmajka.pl\/wp-content\/uploads\/2020\/07\/wilno_i_okolice.jpg\" alt=\"\" width=\"1136\" height=\"746\" srcset=\"https:\/\/jedrzejmajka.pl\/wp-content\/uploads\/2020\/07\/wilno_i_okolice.jpg 1136w, https:\/\/jedrzejmajka.pl\/wp-content\/uploads\/2020\/07\/wilno_i_okolice-300x197.jpg 300w, https:\/\/jedrzejmajka.pl\/wp-content\/uploads\/2020\/07\/wilno_i_okolice-1024x672.jpg 1024w, https:\/\/jedrzejmajka.pl\/wp-content\/uploads\/2020\/07\/wilno_i_okolice-768x504.jpg 768w, https:\/\/jedrzejmajka.pl\/wp-content\/uploads\/2020\/07\/wilno_i_okolice-781x512.jpg 781w\" sizes=\"auto, (max-width: 1136px) 100vw, 1136px\" \/><\/p>\n<p>Najnowszy, bardzo szczeg\u00f3\u0142owy i bogato ilustrowany przewodnik po zabytkach Wilna ze szczeg\u00f3lnym uwzgl\u0119dnieniem miejsc sakralnych. Autor pod\u0105\u017ca \u015bladami wielkich Polak\u00f3w, kt\u00f3rzy \u017cyli i tworzyli w tym wyj\u0105tkowym mie\u015bcie. Przewodnik zosta\u0142 podzielony na osiem cz\u0119\u015bci (G\u00f3ra Zamkowa i Plac Katedralny, Od katedry do ratusza, Wok\u00f3\u0142 Ostrej Bramy, Rossa \u2013 dzielnica cmentarzy, Zarzecze, Antokol, Aleja Giedymina i Zwierzyniec, Snipiszki), uzupe\u0142nionych o rozdzia\u0142 \u201eOkolice Wilna\u201d. Ka\u017cda cz\u0119\u015b\u0107 zosta\u0142a poprzedzona szczeg\u00f3\u0142owym wycinkiem z planu miasta. Przewodnik zawiera pakiet niezb\u0119dnych informacji dotycz\u0105cych planowania podr\u00f3\u017cy na Litw\u0119.<\/p>\n<p>J\u0119drzej Majka<br \/>\nKrak\u00f3w 2018, s. 144<\/p>\n","protected":false},"excerpt":{"rendered":"<p>Najnowszy, bardzo szczeg\u00f3\u0142owy i bogato ilustrowany przewodnik po zabytkach Wilna ze szczeg\u00f3lnym uwzgl\u0119dnieniem miejsc sakralnych. Autor pod\u0105\u017ca \u015bladami wielkich Polak\u00f3w, kt\u00f3rzy \u017cyli i tworzyli w<\/p>\n","protected":false},"author":1,"featured_media":493,"parent":0,"menu_order":3,"comment_status":"closed","ping_status":"open","template":"page-templates\/template-portfolio.php","meta":{"footnotes":""},"class_list":["post-102","page","type-page","status-publish","has-post-thumbnail","hentry"],"yoast_head":"<!-- This site is optimized with the Yoast SEO plugin v14.5 - https:\/\/yoast.com\/wordpress\/plugins\/seo\/ -->\n<title>WILNO I OKOLICE. PRZEWODNIK - J\u0119drzej Majka<\/title>\n<meta name=\"robots\" content=\"index, follow\" \/>\n<meta name=\"googlebot\" content=\"index, follow, max-snippet:-1, max-image-preview:large, max-video-preview:-1\" \/>\n<meta name=\"bingbot\" content=\"index, follow, max-snippet:-1, max-image-preview:large, max-video-preview:-1\" \/>\n<link rel=\"canonical\" href=\"https:\/\/jedrzejmajka.pl\/index.php\/pellentesque\/\" \/>\n<meta property=\"og:locale\" content=\"pl_PL\" \/>\n<meta property=\"og:type\" content=\"article\" \/>\n<meta property=\"og:title\" content=\"WILNO I OKOLICE. PRZEWODNIK - J\u0119drzej Majka\" \/>\n<meta property=\"og:description\" content=\"Najnowszy, bardzo szczeg\u00f3\u0142owy i bogato ilustrowany przewodnik po zabytkach Wilna ze szczeg\u00f3lnym uwzgl\u0119dnieniem miejsc sakralnych. Autor pod\u0105\u017ca \u015bladami wielkich Polak\u00f3w, kt\u00f3rzy \u017cyli i tworzyli w\" \/>\n<meta property=\"og:url\" content=\"https:\/\/jedrzejmajka.pl\/index.php\/pellentesque\/\" \/>\n<meta property=\"og:site_name\" content=\"J\u0119drzej Majka\" \/>\n<meta property=\"article:modified_time\" content=\"2020-07-15T13:38:05+00:00\" \/>\n<meta property=\"og:image\" content=\"https:\/\/jedrzejmajka.pl\/wp-content\/uploads\/2020\/07\/wilno_i_okolice.jpg\" \/>\n\t<meta property=\"og:image:width\" content=\"1136\" \/>\n\t<meta property=\"og:image:height\" content=\"746\" \/>\n<meta name=\"twitter:card\" content=\"summary_large_image\" \/>\n<script type=\"application\/ld+json\" class=\"yoast-schema-graph\">{\"@context\":\"https:\/\/schema.org\",\"@graph\":[{\"@type\":\"WebSite\",\"@id\":\"https:\/\/jedrzejmajka.pl\/#website\",\"url\":\"https:\/\/jedrzejmajka.pl\/\",\"name\":\"J\\u0119drzej Majka\",\"description\":\"\",\"potentialAction\":[{\"@type\":\"SearchAction\",\"target\":\"https:\/\/jedrzejmajka.pl\/?s={search_term_string}\",\"query-input\":\"required name=search_term_string\"}],\"inLanguage\":\"pl-PL\"},{\"@type\":\"ImageObject\",\"@id\":\"https:\/\/jedrzejmajka.pl\/index.php\/pellentesque\/#primaryimage\",\"inLanguage\":\"pl-PL\",\"url\":\"https:\/\/jedrzejmajka.pl\/wp-content\/uploads\/2020\/07\/wilno_i_okolice.jpg\",\"width\":1136,\"height\":746},{\"@type\":\"WebPage\",\"@id\":\"https:\/\/jedrzejmajka.pl\/index.php\/pellentesque\/#webpage\",\"url\":\"https:\/\/jedrzejmajka.pl\/index.php\/pellentesque\/\",\"name\":\"WILNO I OKOLICE. PRZEWODNIK - J\\u0119drzej Majka\",\"isPartOf\":{\"@id\":\"https:\/\/jedrzejmajka.pl\/#website\"},\"primaryImageOfPage\":{\"@id\":\"https:\/\/jedrzejmajka.pl\/index.php\/pellentesque\/#primaryimage\"},\"datePublished\":\"2015-07-21T09:41:42+00:00\",\"dateModified\":\"2020-07-15T13:38:05+00:00\",\"inLanguage\":\"pl-PL\",\"potentialAction\":[{\"@type\":\"ReadAction\",\"target\":[\"https:\/\/jedrzejmajka.pl\/index.php\/pellentesque\/\"]}]}]}<\/script>\n<!-- \/ Yoast SEO plugin. -->","_links":{"self":[{"href":"https:\/\/jedrzejmajka.pl\/index.php\/wp-json\/wp\/v2\/pages\/102","targetHints":{"allow":["GET"]}}],"collection":[{"href":"https:\/\/jedrzejmajka.pl\/index.php\/wp-json\/wp\/v2\/pages"}],"about":[{"href":"https:\/\/jedrzejmajka.pl\/index.php\/wp-json\/wp\/v2\/types\/page"}],"author":[{"embeddable":true,"href":"https:\/\/jedrzejmajka.pl\/index.php\/wp-json\/wp\/v2\/users\/1"}],"replies":[{"embeddable":true,"href":"https:\/\/jedrzejmajka.pl\/index.php\/wp-json\/wp\/v2\/comments?post=102"}],"version-history":[{"count":3,"href":"https:\/\/jedrzejmajka.pl\/index.php\/wp-json\/wp\/v2\/pages\/102\/revisions"}],"predecessor-version":[{"id":495,"href":"https:\/\/jedrzejmajka.pl\/index.php\/wp-json\/wp\/v2\/pages\/102\/revisions\/495"}],"wp:featuredmedia":[{"embeddable":true,"href":"https:\/\/jedrzejmajka.pl\/index.php\/wp-json\/wp\/v2\/media\/493"}],"wp:attachment":[{"href":"https:\/\/jedrzejmajka.pl\/index.php\/wp-json\/wp\/v2\/media?parent=102"}],"curies":[{"name":"wp","href":"https:\/\/api.w.org\/{rel}","templated":true}]}}