{"id":464,"date":"2020-07-14T11:13:34","date_gmt":"2020-07-14T09:13:34","guid":{"rendered":"http:\/\/jedrzejmajka.pl\/?page_id=464"},"modified":"2020-07-14T11:13:35","modified_gmt":"2020-07-14T09:13:35","slug":"mistyczne-kresy","status":"publish","type":"page","link":"https:\/\/jedrzejmajka.pl\/index.php\/mistyczne-kresy\/","title":{"rendered":"MISTYCZNE KRESY"},"content":{"rendered":"\n<figure class=\"wp-block-image size-full\"><img loading=\"lazy\" decoding=\"async\" width=\"1136\" height=\"746\" src=\"http:\/\/jedrzejmajka.pl\/wp-content\/uploads\/2020\/07\/mistyczne_kresy2.jpg\" alt=\"\" class=\"wp-image-467\" srcset=\"https:\/\/jedrzejmajka.pl\/wp-content\/uploads\/2020\/07\/mistyczne_kresy2.jpg 1136w, https:\/\/jedrzejmajka.pl\/wp-content\/uploads\/2020\/07\/mistyczne_kresy2-300x197.jpg 300w, https:\/\/jedrzejmajka.pl\/wp-content\/uploads\/2020\/07\/mistyczne_kresy2-1024x672.jpg 1024w, https:\/\/jedrzejmajka.pl\/wp-content\/uploads\/2020\/07\/mistyczne_kresy2-768x504.jpg 768w, https:\/\/jedrzejmajka.pl\/wp-content\/uploads\/2020\/07\/mistyczne_kresy2-781x512.jpg 781w\" sizes=\"auto, (max-width: 1136px) 100vw, 1136px\" \/><\/figure>\n\n\n\n<p>Ta ksi\u0105\u017cka to nietypowy przewodnik prowadz\u0105cy nas do miejsc, kt\u00f3re przez wieki kszta\u0142towa\u0142y wiar\u0119 i my\u015bl wielu pokole\u0144. Zbudowali je nasi przodkowie. Jedne zachwycaj\u0105 rozmachem budowli, inne ilustruj\u0105 si\u0142\u0119 ludzkiej wiary. Wilno przemierzamy \u015bladami siostry Faustyny Kowalskiej. Tu bowiem zapisa\u0142a ona pierwsze strony \u201eDzienniczka\u201d. Tu powsta\u0142 pierwszy obraz Jezusa Mi\u0142osiernego. We Lwowie za\u015b poznajemy historie obrazu \u201eEcce Homo\u201d, namalowanego w tym mie\u015bcie przez Adama Chmielowskiego, p\u00f3\u017aniejszego Brata Alberta. Podziwiamy wspania\u0142e lwowskie katedry i \u015bwi\u0105tynie. Pielgrzymujemy do Ostrej Bramy, Berdyczowa, Poczajowa, Latyczowa. Zwiedzamy Krzemieniec, Podkamie\u0144, Drohobycz, Podhorce i Kamieniec Podolski. W kresowych miastach i miasteczkach wci\u0105\u017c na nowo odnajdujemy nasz\u0105 histori\u0119, wiar\u0119 naszych przodk\u00f3w. Na styku ro\u017cnych kultur, w\u015br\u00f3d bezcennych pami\u0105tek b\u0119d\u0105cych \u015bwiadectwem wiary wielu pokole\u0144, poznajemy mistyczna religijno\u015b\u0107 Kres\u00f3w.<\/p>\n\n\n\n<p>Album fotograficzny<br>J\u0119drzej Majka<br>Krak\u00f3w 2013, s. 160<\/p>\n","protected":false},"excerpt":{"rendered":"<p>Ta ksi\u0105\u017cka to nietypowy przewodnik prowadz\u0105cy nas do miejsc, kt\u00f3re przez wieki kszta\u0142towa\u0142y wiar\u0119 i my\u015bl wielu pokole\u0144. Zbudowali je nasi przodkowie. Jedne zachwycaj\u0105 rozmachem<\/p>\n","protected":false},"author":1,"featured_media":467,"parent":0,"menu_order":11,"comment_status":"closed","ping_status":"closed","template":"page-templates\/template-portfolio.php","meta":{"footnotes":""},"class_list":["post-464","page","type-page","status-publish","has-post-thumbnail","hentry"],"yoast_head":"<!-- This site is optimized with the Yoast SEO plugin v14.5 - https:\/\/yoast.com\/wordpress\/plugins\/seo\/ -->\n<title>MISTYCZNE KRESY - J\u0119drzej Majka<\/title>\n<meta name=\"robots\" content=\"index, follow\" \/>\n<meta name=\"googlebot\" content=\"index, follow, max-snippet:-1, max-image-preview:large, max-video-preview:-1\" \/>\n<meta name=\"bingbot\" content=\"index, follow, max-snippet:-1, max-image-preview:large, max-video-preview:-1\" \/>\n<link rel=\"canonical\" href=\"https:\/\/jedrzejmajka.pl\/index.php\/mistyczne-kresy\/\" \/>\n<meta property=\"og:locale\" content=\"pl_PL\" \/>\n<meta property=\"og:type\" content=\"article\" \/>\n<meta property=\"og:title\" content=\"MISTYCZNE KRESY - J\u0119drzej Majka\" \/>\n<meta property=\"og:description\" content=\"Ta ksi\u0105\u017cka to nietypowy przewodnik prowadz\u0105cy nas do miejsc, kt\u00f3re przez wieki kszta\u0142towa\u0142y wiar\u0119 i my\u015bl wielu pokole\u0144. Zbudowali je nasi przodkowie. Jedne zachwycaj\u0105 rozmachem\" \/>\n<meta property=\"og:url\" content=\"https:\/\/jedrzejmajka.pl\/index.php\/mistyczne-kresy\/\" \/>\n<meta property=\"og:site_name\" content=\"J\u0119drzej Majka\" \/>\n<meta property=\"article:modified_time\" content=\"2020-07-14T09:13:35+00:00\" \/>\n<meta property=\"og:image\" content=\"https:\/\/jedrzejmajka.pl\/wp-content\/uploads\/2020\/07\/mistyczne_kresy2.jpg\" \/>\n\t<meta property=\"og:image:width\" content=\"1136\" \/>\n\t<meta property=\"og:image:height\" content=\"746\" \/>\n<meta name=\"twitter:card\" content=\"summary_large_image\" \/>\n<script type=\"application\/ld+json\" class=\"yoast-schema-graph\">{\"@context\":\"https:\/\/schema.org\",\"@graph\":[{\"@type\":\"WebSite\",\"@id\":\"https:\/\/jedrzejmajka.pl\/#website\",\"url\":\"https:\/\/jedrzejmajka.pl\/\",\"name\":\"J\\u0119drzej Majka\",\"description\":\"\",\"potentialAction\":[{\"@type\":\"SearchAction\",\"target\":\"https:\/\/jedrzejmajka.pl\/?s={search_term_string}\",\"query-input\":\"required name=search_term_string\"}],\"inLanguage\":\"pl-PL\"},{\"@type\":\"ImageObject\",\"@id\":\"https:\/\/jedrzejmajka.pl\/index.php\/mistyczne-kresy\/#primaryimage\",\"inLanguage\":\"pl-PL\",\"url\":\"https:\/\/jedrzejmajka.pl\/wp-content\/uploads\/2020\/07\/mistyczne_kresy2.jpg\",\"width\":1136,\"height\":746},{\"@type\":\"WebPage\",\"@id\":\"https:\/\/jedrzejmajka.pl\/index.php\/mistyczne-kresy\/#webpage\",\"url\":\"https:\/\/jedrzejmajka.pl\/index.php\/mistyczne-kresy\/\",\"name\":\"MISTYCZNE KRESY - J\\u0119drzej Majka\",\"isPartOf\":{\"@id\":\"https:\/\/jedrzejmajka.pl\/#website\"},\"primaryImageOfPage\":{\"@id\":\"https:\/\/jedrzejmajka.pl\/index.php\/mistyczne-kresy\/#primaryimage\"},\"datePublished\":\"2020-07-14T09:13:34+00:00\",\"dateModified\":\"2020-07-14T09:13:35+00:00\",\"inLanguage\":\"pl-PL\",\"potentialAction\":[{\"@type\":\"ReadAction\",\"target\":[\"https:\/\/jedrzejmajka.pl\/index.php\/mistyczne-kresy\/\"]}]}]}<\/script>\n<!-- \/ Yoast SEO plugin. -->","_links":{"self":[{"href":"https:\/\/jedrzejmajka.pl\/index.php\/wp-json\/wp\/v2\/pages\/464","targetHints":{"allow":["GET"]}}],"collection":[{"href":"https:\/\/jedrzejmajka.pl\/index.php\/wp-json\/wp\/v2\/pages"}],"about":[{"href":"https:\/\/jedrzejmajka.pl\/index.php\/wp-json\/wp\/v2\/types\/page"}],"author":[{"embeddable":true,"href":"https:\/\/jedrzejmajka.pl\/index.php\/wp-json\/wp\/v2\/users\/1"}],"replies":[{"embeddable":true,"href":"https:\/\/jedrzejmajka.pl\/index.php\/wp-json\/wp\/v2\/comments?post=464"}],"version-history":[{"count":1,"href":"https:\/\/jedrzejmajka.pl\/index.php\/wp-json\/wp\/v2\/pages\/464\/revisions"}],"predecessor-version":[{"id":468,"href":"https:\/\/jedrzejmajka.pl\/index.php\/wp-json\/wp\/v2\/pages\/464\/revisions\/468"}],"wp:featuredmedia":[{"embeddable":true,"href":"https:\/\/jedrzejmajka.pl\/index.php\/wp-json\/wp\/v2\/media\/467"}],"wp:attachment":[{"href":"https:\/\/jedrzejmajka.pl\/index.php\/wp-json\/wp\/v2\/media?parent=464"}],"curies":[{"name":"wp","href":"https:\/\/api.w.org\/{rel}","templated":true}]}}