{"id":487,"date":"2020-07-15T08:52:41","date_gmt":"2020-07-15T06:52:41","guid":{"rendered":"http:\/\/jedrzejmajka.pl\/?page_id=487"},"modified":"2020-07-15T08:52:42","modified_gmt":"2020-07-15T06:52:42","slug":"kresy-sladami-naszych-przodkow","status":"publish","type":"page","link":"https:\/\/jedrzejmajka.pl\/index.php\/kresy-sladami-naszych-przodkow\/","title":{"rendered":"KRESY. \u015aLADAMI NASZYCH PRZODK\u00d3W"},"content":{"rendered":"\n<figure class=\"wp-block-image size-full\"><img loading=\"lazy\" decoding=\"async\" width=\"1136\" height=\"746\" src=\"http:\/\/jedrzejmajka.pl\/wp-content\/uploads\/2020\/07\/kresy_sladami.jpg\" alt=\"\" class=\"wp-image-488\" srcset=\"https:\/\/jedrzejmajka.pl\/wp-content\/uploads\/2020\/07\/kresy_sladami.jpg 1136w, https:\/\/jedrzejmajka.pl\/wp-content\/uploads\/2020\/07\/kresy_sladami-300x197.jpg 300w, https:\/\/jedrzejmajka.pl\/wp-content\/uploads\/2020\/07\/kresy_sladami-1024x672.jpg 1024w, https:\/\/jedrzejmajka.pl\/wp-content\/uploads\/2020\/07\/kresy_sladami-768x504.jpg 768w, https:\/\/jedrzejmajka.pl\/wp-content\/uploads\/2020\/07\/kresy_sladami-781x512.jpg 781w\" sizes=\"auto, (max-width: 1136px) 100vw, 1136px\" \/><\/figure>\n\n\n\n<p>Ksi\u0105\u017cka przedstawia Kresy po\u0142udniowo-wschodnie. Zawiera ponad 300 fotografii. W\u015br\u00f3d nich nigdzie niepublikowane zdj\u0119cia starego Lwowa. Opowiada o historii Lwowa, o kresowych miasteczkach i twierdzach oraz prezentuje s\u0142ynne miejsca kultu religijnego r\u00f3\u017cnych wyzna\u0144. Warto r\u00f3wnie\u017c zwr\u00f3ci\u0107 uwag\u0119 na zdj\u0119cia z historycznej pielgrzymki Jana Paw\u0142a II do Lwowa.<\/p>\n\n\n\n<p>J\u0119drzej Majka<br>Krak\u00f3w 2002, s. 248<\/p>\n","protected":false},"excerpt":{"rendered":"<p>Ksi\u0105\u017cka przedstawia Kresy po\u0142udniowo-wschodnie. Zawiera ponad 300 fotografii. W\u015br\u00f3d nich nigdzie niepublikowane zdj\u0119cia starego Lwowa. Opowiada o historii Lwowa, o kresowych miasteczkach i twierdzach oraz<\/p>\n","protected":false},"author":1,"featured_media":488,"parent":0,"menu_order":17,"comment_status":"closed","ping_status":"closed","template":"page-templates\/template-portfolio.php","meta":{"footnotes":""},"class_list":["post-487","page","type-page","status-publish","has-post-thumbnail","hentry"],"yoast_head":"<!-- This site is optimized with the Yoast SEO plugin v14.5 - https:\/\/yoast.com\/wordpress\/plugins\/seo\/ -->\n<title>KRESY. \u015aLADAMI NASZYCH PRZODK\u00d3W - J\u0119drzej Majka<\/title>\n<meta name=\"robots\" content=\"index, follow\" \/>\n<meta name=\"googlebot\" content=\"index, follow, max-snippet:-1, max-image-preview:large, max-video-preview:-1\" \/>\n<meta name=\"bingbot\" content=\"index, follow, max-snippet:-1, max-image-preview:large, max-video-preview:-1\" \/>\n<link rel=\"canonical\" href=\"https:\/\/jedrzejmajka.pl\/index.php\/kresy-sladami-naszych-przodkow\/\" \/>\n<meta property=\"og:locale\" content=\"pl_PL\" \/>\n<meta property=\"og:type\" content=\"article\" \/>\n<meta property=\"og:title\" content=\"KRESY. \u015aLADAMI NASZYCH PRZODK\u00d3W - J\u0119drzej Majka\" \/>\n<meta property=\"og:description\" content=\"Ksi\u0105\u017cka przedstawia Kresy po\u0142udniowo-wschodnie. Zawiera ponad 300 fotografii. W\u015br\u00f3d nich nigdzie niepublikowane zdj\u0119cia starego Lwowa. Opowiada o historii Lwowa, o kresowych miasteczkach i twierdzach oraz\" \/>\n<meta property=\"og:url\" content=\"https:\/\/jedrzejmajka.pl\/index.php\/kresy-sladami-naszych-przodkow\/\" \/>\n<meta property=\"og:site_name\" content=\"J\u0119drzej Majka\" \/>\n<meta property=\"article:modified_time\" content=\"2020-07-15T06:52:42+00:00\" \/>\n<meta property=\"og:image\" content=\"https:\/\/jedrzejmajka.pl\/wp-content\/uploads\/2020\/07\/kresy_sladami.jpg\" \/>\n\t<meta property=\"og:image:width\" content=\"1136\" \/>\n\t<meta property=\"og:image:height\" content=\"746\" \/>\n<meta name=\"twitter:card\" content=\"summary_large_image\" \/>\n<script type=\"application\/ld+json\" class=\"yoast-schema-graph\">{\"@context\":\"https:\/\/schema.org\",\"@graph\":[{\"@type\":\"WebSite\",\"@id\":\"https:\/\/jedrzejmajka.pl\/#website\",\"url\":\"https:\/\/jedrzejmajka.pl\/\",\"name\":\"J\\u0119drzej Majka\",\"description\":\"\",\"potentialAction\":[{\"@type\":\"SearchAction\",\"target\":\"https:\/\/jedrzejmajka.pl\/?s={search_term_string}\",\"query-input\":\"required name=search_term_string\"}],\"inLanguage\":\"pl-PL\"},{\"@type\":\"ImageObject\",\"@id\":\"https:\/\/jedrzejmajka.pl\/index.php\/kresy-sladami-naszych-przodkow\/#primaryimage\",\"inLanguage\":\"pl-PL\",\"url\":\"https:\/\/jedrzejmajka.pl\/wp-content\/uploads\/2020\/07\/kresy_sladami.jpg\",\"width\":1136,\"height\":746},{\"@type\":\"WebPage\",\"@id\":\"https:\/\/jedrzejmajka.pl\/index.php\/kresy-sladami-naszych-przodkow\/#webpage\",\"url\":\"https:\/\/jedrzejmajka.pl\/index.php\/kresy-sladami-naszych-przodkow\/\",\"name\":\"KRESY. \\u015aLADAMI NASZYCH PRZODK\\u00d3W - J\\u0119drzej Majka\",\"isPartOf\":{\"@id\":\"https:\/\/jedrzejmajka.pl\/#website\"},\"primaryImageOfPage\":{\"@id\":\"https:\/\/jedrzejmajka.pl\/index.php\/kresy-sladami-naszych-przodkow\/#primaryimage\"},\"datePublished\":\"2020-07-15T06:52:41+00:00\",\"dateModified\":\"2020-07-15T06:52:42+00:00\",\"inLanguage\":\"pl-PL\",\"potentialAction\":[{\"@type\":\"ReadAction\",\"target\":[\"https:\/\/jedrzejmajka.pl\/index.php\/kresy-sladami-naszych-przodkow\/\"]}]}]}<\/script>\n<!-- \/ Yoast SEO plugin. -->","_links":{"self":[{"href":"https:\/\/jedrzejmajka.pl\/index.php\/wp-json\/wp\/v2\/pages\/487","targetHints":{"allow":["GET"]}}],"collection":[{"href":"https:\/\/jedrzejmajka.pl\/index.php\/wp-json\/wp\/v2\/pages"}],"about":[{"href":"https:\/\/jedrzejmajka.pl\/index.php\/wp-json\/wp\/v2\/types\/page"}],"author":[{"embeddable":true,"href":"https:\/\/jedrzejmajka.pl\/index.php\/wp-json\/wp\/v2\/users\/1"}],"replies":[{"embeddable":true,"href":"https:\/\/jedrzejmajka.pl\/index.php\/wp-json\/wp\/v2\/comments?post=487"}],"version-history":[{"count":1,"href":"https:\/\/jedrzejmajka.pl\/index.php\/wp-json\/wp\/v2\/pages\/487\/revisions"}],"predecessor-version":[{"id":490,"href":"https:\/\/jedrzejmajka.pl\/index.php\/wp-json\/wp\/v2\/pages\/487\/revisions\/490"}],"wp:featuredmedia":[{"embeddable":true,"href":"https:\/\/jedrzejmajka.pl\/index.php\/wp-json\/wp\/v2\/media\/488"}],"wp:attachment":[{"href":"https:\/\/jedrzejmajka.pl\/index.php\/wp-json\/wp\/v2\/media?parent=487"}],"curies":[{"name":"wp","href":"https:\/\/api.w.org\/{rel}","templated":true}]}}